 34628 a multiple of 25?
False
Does 20 divide 581?
False
Is 23 a factor of 690?
True
Is 110097 a multiple of 15?
False
Is 117 a factor of 3604?
False
Does 71 divide 142?
True
Is 2 a factor of 58?
True
Does 58 divide 5452?
True
Is 16 a factor of 1765?
False
Is 1836 a multiple of 108?
True
Is 42331 a multiple of 18?
False
Is 118 a factor of 17346?
True
Is 10 a factor of 1313?
False
Is 3 a factor of 41?
False
Does 6 divide 1730?
False
Is 36 a factor of 8784?
True
Is 121 a factor of 15416?
False
Is 39755 a multiple of 48?
False
Is 920 a multiple of 56?
False
Is 11 a factor of 836?
True
Is 18 a factor of 9722?
False
Is 32 a factor of 16557?
False
Is 4 a factor of 836?
True
Is 25947 a multiple of 9?
True
Is 25 a factor of 334?
False
Does 10 divide 679?
False
Is 604 a multiple of 12?
False
Does 111 divide 7144?
False
Is 450 a multiple of 15?
True
Is 12 a factor of 6942?
False
Is 88 a factor of 4576?
True
Is 191 a factor of 25262?
False
Is 72 a factor of 71830?
False
Is 19 a factor of 12259?
False
Is 217 a factor of 5349?
False
Is 19 a factor of 1158?
False
Is 20 a factor of 2404?
False
Does 9 divide 972?
True
Does 12 divide 312?
True
Is 11 a factor of 242?
True
Is 36034 a multiple of 285?
False
Is 8 even?
True
Is 5 a factor of 50?
True
Does 26 divide 1664?
True
Does 59 divide 15694?
True
Is 79 a factor of 237?
True
Does 112 divide 39536?
True
Does 59 divide 1206?
False
Is 37603 a multiple of 43?
False
Does 17 divide 697?
True
Does 15 divide 153?
False
Does 14 divide 20016?
False
Does 27 divide 12625?
False
Is 18 a multiple of 3?
True
Is 53 a factor of 371?
True
Is 4326 a multiple of 15?
False
Does 34 divide 26826?
True
Does 8 divide 15728?
True
Is 1568 a multiple of 3?
False
Does 13 divide 11154?
True
Is 60 a multiple of 9?
False
Is 87 a factor of 37740?
False
Is 27935 a multiple of 151?
True
Is 19 a factor of 15800?
False
Is 37561 a multiple of 66?
False
Does 23 divide 1066?
False
Is 19408 a multiple of 13?
False
Does 4 divide 14344?
True
Is 6 a factor of 64263?
False
Is 123 a multiple of 20?
False
Does 52 divide 84313?
False
Does 56 divide 56654?
False
Does 27 divide 14445?
True
Does 6 divide 2544?
True
Does 108 divide 62532?
True
Is 2131 a multiple of 24?
False
Does 12 divide 1068?
True
Is 52 a factor of 1352?
True
Is 11 a factor of 4246?
True
Is 60 a factor of 15734?
False
Does 42 divide 30282?
True
Does 79 divide 6399?
True
Does 9 divide 5174?
False
Does 3 divide 439?
False
Is 780 a multiple of 39?
True
Is 36519 a multiple of 47?
True
Is 4 a factor of 6553?
False
Does 9 divide 39416?
False
Does 13 divide 5877?
False
Does 66 divide 16632?
True
Is 15 a factor of 1815?
True
Is 21 a factor of 14453?
False
Is 81 a factor of 4373?
False
Does 33 divide 5901?
False
Does 7 divide 13944?
True
Is 5576 a multiple of 136?
True
Does 25 divide 3834?
False
Is 1989 a multiple of 51?
True
Is 2057 a multiple of 20?
False
Is 23280 a multiple of 74?
False
Is 50 a factor of 9123?
False
Is 123 a factor of 1544?
False
Is 4 a factor of 7552?
True
Does 4 divide 128?
True
Does 97 divide 29355?
False
Does 6 divide 757?
False
Is 15 a factor of 75?
True
Is 48118 a multiple of 98?
True
Is 40548 a multiple of 111?
False
Is 6629 a multiple of 7?
True
Does 22 divide 1141?
False
Is 4 a factor of 882?
False
Does 8 divide 1297?
False
Is 10726 a multiple of 31?
True
Is 119 a factor of 21087?
False
Is 9 a factor of 6264?
True
Is 11175 a multiple of 149?
True
Is 3 a factor of 10709?
False
Is 770 a multiple of 58?
False
Is 11 a factor of 7103?
False
Does 109 divide 28356?
False
Is 1365 a multiple of 91?
True
Is 15 a factor of 2561?
False
Is 462 a multiple of 2?
True
Is 5220 a multiple of 87?
True
Is 12 a factor of 7793?
False
Is 1183 a multiple of 13?
True
Is 11 a factor of 156?
False
Is 11 a factor of 221?
False
Is 17 a factor of 3366?
True
Is 650 a multiple of 25?
True
Is 13 a factor of 12116?
True
Is 3 a factor of 3962?
False
Does 116 divide 7888?
True
Is 4680 a multiple of 4?
True
Does 40 divide 14030?
False
Is 13 a factor of 1281?
False
Is 46 a factor of 598?
True
Is 22 a factor of 1433?
False
Does 8 divide 40?
True
Does 10 divide 3220?
True
Is 186 a factor of 3534?
True
Is 43 a factor of 20307?
False
Is 648 a multiple of 24?
True
Does 27 divide 1080?
True
Is 33 a factor of 603?
False
Does 9 divide 1763?
False
Does 46 divide 14582?
True
Is 45953 a multiple of 9?
False
Is 461 a multiple of 11?
False
Is 2546 a multiple of 37?
False
Does 21 divide 756?
True
Is 288 a multiple of 24?
True
Is 26 a factor of 38484?
False
Is 97 a factor of 191?
False
Is 21 a factor of 377?
False
Does 29 divide 11571?
True
Is 69 a factor of 2760?
True
Is 14856 a multiple of 55?
False
Is 12 a factor of 5602?
False
Does 30 divide 660?
True
Does 6 divide 1468?
False
Is 17 a factor of 2484?
False
Does 10 divide 630?
True
Is 41433 a multiple of 10?
False
Is 234 a multiple of 18?
True
Does 11 divide 1738?
True
Does 55 divide 2310?
True
Is 5 a factor of 90?
True
Is 1612 a multiple of 124?
True
Is 5894 a multiple of 2?
True
Is 381 even?
False
Is 2269 a multiple of 30?
False
Does 11 divide 209?
True
Does 33 divide 27654?
True
Is 1385 a multiple of 38?
False
Does 195 divide 49140?
True
Is 8 a factor of 4554?
False
Does 11 divide 4433?
True
Does 23 divide 11115?
False
Is 1076 a multiple of 4?
True
Does 10 divide 534?
False
Is 2 a factor of 4018?
True
Does 6 divide 33446?
False
Does 16 divide 183?
False
Is 97 a multiple of 4?
False
Is 25 a factor of 425?
True
Does 9 divide 73936?
False
Is 720 a multiple of 9?
True
Is 12 a factor of 267?
False
Does 33 divide 5732?
False
Does 17 divide 1519?
False
Is 5 a factor of 3296?
False
Is 8 a factor of 448?
True
Is 4905 a multiple of 15?
True
Is 48 a factor of 2242?
False
Is 2935 even?
False
Does 32 divide 1688?
False
Is 4279 a multiple of 47?
False
Is 3540 a multiple of 4?
True
Is 2071 a multiple of 44?
False
Is 9 a factor of 3883?
False
Is 20 a factor of 8380?
True
Is 2588 a multiple of 17?
False
Does 10 divide 1469?
False
Does 124 divide 5747?
False
Is 170665 a multiple of 202?
False
Does 4 divide 1242?
False
Is 7 a factor of 553?
True
Is 3192 a multiple of 64?
False
Does 12 divide 3057?
False
Is 26 a factor of 119?
False
Does 19 divide 418?
True
Does 76 divide 228?
True
Is 5 a factor of 53080?
True
Does 19 divide 684?
True
Is 40 a factor of 3360?
True
Is 9 a factor of 1089?
True
Does 91 divide 601?
False
Does 16 divide 111174?
False
Is 21 a factor of 7298?
False
Is 25 a factor of 3094?
False
Does 5 divide 83?
False
Is 3964 a multiple of 8?
False
Is 5 a factor of 4160?
True
Is 44 a factor of 1169?
False
Is 478 a multiple of 10?
False
Does 179 divide 52984?
True
Does 6 divide 1714?
False
Is 111 a factor of 4472?
False
Is 75 a factor of 2475?
True
Is 50546 a multiple of 44?
False
Does 165 divide 14915?
False
Is 19802 a multiple of 124?
False
Does 7 divide 2282?
True
Is 65 a factor of 1690?
True
Does 71 divide 116298?
True
Is 11 a factor of 294?
False
Is 13 a factor of 563?
False
Is 36091 a multiple of 86?
False
Does 30 divide 5317?
False
Is 886 a multiple of 22?
False
Does 84 divide 50851?
False
Is 7135 a multiple of 14?
False
Is 34 a factor of 5718?
False
Is 361 a multiple of 2?
False
Is 10 a factor of 2410?
True
Does 19 divide 635?
False
Is 2 a factor of 132?
True
Is 6587 a multiple of 6?
False
Is 3960 a multiple of 8?
True
Does 43 divide 344?
True
Is 1355 a multiple of 3?
False
Does 26 divide 676?
True
Is 4 a factor of 7477?
False
Is 15 a factor of 26475?
True
Is 1244 a multiple of 21?
False
Does 89 divide 2823?
False
Is 66 a factor of 832?
False
Does 35 divide 3500?
True
Is 3146 a multiple of 4?
False
Is 4 a factor of 2368?
True
Is 9 a factor of 324?
True
Is 470 a multiple of 5?
True
Is 82 a factor of 984?
True
Is 21400 a multiple of 12?
False
Does 25 divide 208?
False
Is 30 a factor of 2907?
False
Is 37410 a multiple of 145?
True
Does 4 divide 472?
True
Is 204 a factor of 11628?
True
Is 1197 a multiple of 19?
True
Does 3 divide 15?
True
Is 51 a factor of 1246?
False
Does 333 divide 45968?
False
Is 1152 a multiple of 21?
False
Does 70 divide 32690?
True
Does 10 divide 90?
True
Is 21457 a multiple of 29?
False
Is 82 a factor of 738?
True
Is 32 a factor of 5280?
True
Does 21 divide 4830?
True
Is 12 a factor of 108?
True
Is 14 a factor of 17990?
True
Does 11 divide 1339?
F